3*o + 11, 5*a = -2*o + 29. Let s(i) = -5*i + i**3 - 4 - i**2 + 0*i**o + 6*i**2. What is s(-6)?
-10
Let d(m) = -m**2 - 4*m + 1. Let z(q) = q**3 - 32*q**2 - 36*q + 102. Let r be z(33). Give d(r).
-20
Let d(f) = -64*f + 19*f + 19*f + 17 + 25*f - 6. Determine d(5).
6
Suppose 18*f = -9*f - 216. Let k(d) = -d**3 - 7*d**2 + 12*d + 7. Give k(f).
-25
Let l(j) = -110*j - 119*j - 123*j + 353*j. Suppose -3*u = -2*x + 7*x - 32, -4*x - 5*u + 36 = 0. Give l(x).
4
Let h(b) = -b**3 - 33*b**2 + 39*b + 177. Let v be h(-34). Let y(t) = -t**2 + 6*t - 6. Calculate y(v).
-13
Let x(k) be the second derivative of -1/6*k**4 + 0 + 0*k**2 + 15*k - 1/2*k**3. Calculate x(-2).
-2
Let g = -22 + 23. Let i be 1 + g + 6 + -6 + -2. Let q(x) = -x**2 - x - 1. Give q(i).
-1
Let b(q) = -1. Let o(x) = 2*x - 2. Let n(f) = -8*b(f) + 4*o(f). Determine n(4).
32
Suppose i + 5 = 6, 2*q - 11 = -3*i. Suppose -q + 0 = -2*o + j, o - 16 = -3*j. Let u(m) be the first derivative of m**3/3 - 3*m**2/2 + 6*m - 1. Give u(o).
10
Let c(l) = -l**2 - 2*l + 2. Suppose 54*n - 59*n + 15 = 0. What is c(n)?
-13
Let g(m) = -7*m**3 - 3*m**2 - 23*m + 4. Let r(i) = -i**3 - i**2 - 4*i. Let q(k) = g(k) - 6*r(k). Give q(3).
7
Let m = 25 - 15. Suppose 0 = b + 2*w - m, -b = 4*b + 4*w - 20. Let k(q) be the third derivative of -q**5/60 - 5*q**3/6 + 19*q**2. Determine k(b).
-5
Let j(q) = 3*q + 2. Let t(h) = -h**2 + 4*h + 7. Let b be (-2)/8 + 6/(-8). Let k be (1/b)/(11/(-55)). Let d be t(k). Give j(d).
8
Suppose -2*t = -4*t + 14. Let n(o) = -2*o - 2. Let x(f) = 6*f + 17. Let r(d) = -4*n(d) - x(d). Determine r(t).
5
Let p(q) be the second derivative of q**4/12 + 4*q**3/3 - 13*q**2/2 + 34*q - 8. Determine p(-10).
7
Let l(t) = -3*t - 3. Let o = 15 - 25. Let g = o + 18. Let s(d) = -d**3 + 7*d**2 + 8*d - 5. Let f be s(g). Calculate l(f).
12
Let k(t) = 0*t**2 + 1 - 8*t**2 - 5*t**2 + t. Let u(v) = -74*v + 69*v + 22*v**2 - 4 + 33*v**2 - 3*v**2. Let s(b) = 9*k(b) + 2*u(b). What is s(1)?
-13
Let w(k) = -7*k**3 + 0*k - 3 + 8*k**3 - 5*k + 2*k**2. What is w(-3)?
3
Suppose -24 = -5*l + l. Let p(i) = -i**2 + 17*i + 8. Let c(j) = j**2 - 15*j - 7. Let t(z) = 5*c(z) + 4*p(z). What is t(l)?
-9
Let a(g) be the second derivative of 0 + 1/12*g**4 + 18*g + g**3 + 3/2*g**2. Give a(-6).
3
Let o(h) = -5*h**2 - 1 + 4387*h**3 - 8779*h**3 - 8*h + 4393*h**3. Suppose -15 = -7*t + 2*t. Suppose t*u - 7 = 11. What is o(u)?
-13
Suppose -4 = -5*c + 6. Let d(a) = 1 - 7*a**c + 3*a + a**2 + 5*a**2. Calculate d(-2).
-9
Let p = 23 - 19. Suppose p*u + 2 = 3*u. Let x(z) = -5*z**2 + 9*z + 2. Let j(h) = 14*h**2 - 26*h - 6. Let b(v) = -6*j(v) - 17*x(v). Give b(u).
0
Let o(w) = w + 3. Let c = -9 + 12. Let t(l) = -7*l + 11*l**2 + 5 + l**3 - l - c*l. Let i be t(-12). Give o(i).
-4
Let y(s) = -s**3 - 8*s**2 + 9*s - 3. Suppose -59*h = -60*h - 9. What is y(h)?
-3
Let c(z) = 3*z + 2. Let n = 15 - 5. Let i be 4 + (-5)/(n/(-4)). Suppose -i*g = -3*d - 3*g + 6, -4*g - 3 = -3*d. Calculate c(d).
17
Let b(d) be the first derivative of 7/2*d**2 - 1/3*d**3 + 25 - d. Calculate b(5).
9
Let g(y) = 13*y**3 - y**2. Suppose 7 = -4*k + 3. What is g(k)?
-14
Let i(m) = m + 11. Let w(h) = h**2 - 7*h - 8. Let o be w(-1). What is i(o)?
11
Let h(u) be the second derivative of -u + 8/3*u**3 + 1/20*u**5 - 5/6*u**4 + 0 + u**2. Let k be h(8). Let f(j) = -3*j. Calculate f(k).
-6
Let a(l) = -2*l**2 - 15*l - 5. Let q(h) = h**2 + 8*h + 2. Let t(w) = 3*a(w) + 5*q(w). Suppose -29 + 4 = 5*x. Determine t(x).
-5
Let n be 116/30 + 8/60. Let y(u) = 3*u + 2*u + n - 4*u. Let b be y(-5). Let f(v) = -3*v. Calculate f(b).
3
Let t(n) = n**2 - 24. Let c(p) = -3*p**2 - 114*p + 5. Let d be c(-38). Give t(d).
1
Let u(k) = -2*k - k**3 + 4*k - 8*k**2 - 10 - 3*k. Let s = 194 - 190. Let i be -5 + (8/(2 - s) - -1). Calculate u(i).
-2
Let d(k) = -1 + 0 + 0 + 83*k - 85*k. Calculate d(3).
-7
Suppose 2*c + 4*d + 16 = 0, 3*c - 7 = -3*d - 25. Let f(k) be the second derivative of k**4/12 + 5*k**3/3 + k**2 - 64*k. Calculate f(c).
-22
Let o(u) = -u**3 - 12*u**2 + 14*u + 8. Let l be o(-13). Let s(d) = d**3 + 6*d**2 - 12. Give s(l).
13
Suppose 5*q + 52 = -4*j, -20*q + 22*q = -4*j - 40. Let n(r) = r**3 + 8*r**2 + r + 6. Determine n(j).
-2
Let d(c) = 17*c - 8*c - 6 - 7*c. Let s(w) = 3*w**3 + w**2 - 3*w - 1. Let p be s(-2). Let l = -11 - p. Calculate d(l).
2
Let v(c) be the third derivative of 5*c**4/24 + c**3/2 - 4*c**2. Let o = 37 + -41. Determine v(o).
-17
Suppose -5*n + 12 = -n. Let g(v) = -7 + 8*v**3 - n + 4 - 15*v + 21*v. Let i(x) = -7*x**3 + x**2 - 6*x + 5. Let t(s) = 6*g(s) + 7*i(s). Calculate t(6).
-1
Let g(u) be the second derivative of u**4/4 - u**2/2 + 81*u - 3. Give g(-1).
2
Let m(u) be the third derivative of -u**4/8 + 29*u**3/6 - 6*u**2. Let v(k) = 2*k - 19. Let r(i) = 5*m(i) + 8*v(i). Determine r(-6).
-13
Suppose -16 = -13*q + 5*q. Let c(l) = -2 + 2 + 11 - q*l + 3*l. Let k(i) = -4*i**2 + i. Let m be k(-1). What is c(m)?
6
Let x = -56 - -58. Let s(h) = 4*h**2 + 3*h**2 + 0*h**2 + 7 + 6*h - 6*h**x. Give s(-5).
2
Let x(o) = 20*o - 759. Let t be x(38). Let s(l) be the second derivative of -7*l**3/6 + l**2/2 + 5*l. What is s(t)?
-6
Let d(q) = q**3 + 8*q**2 + q + 10. Let a = 329 + -337. Calculate d(a).
2
Let z(d) = -d**2 - 11*d - 13. Let b be z(-9). Let r(g) = -3 + 2 + 1 + b + g. Suppose 5*l = -4*n - 5 + 14, -9 = n - l. What is r(n)?
1
Let r(m) = 5*m - 10. Let g = -495 - -501. Give r(g).
20
Let c(b) = -4*b + 4. Suppose -3*n = 2*n - 10. Let w be c(n). Let m(v) = -v**3 - 5*v**2 - 4*v - 6. Give m(w).
-6
Suppose 324*b - 323*b = -9. Let g(n) = n**2 + 7*n - 8. What is g(b)?
10
Let u(g) = 0*g - g + 1 + 0*g. Let o = 460 + -456. Determine u(o).
-3
Suppose -4*z - 38*s = -41*s - 5, -4*z = -4*s - 8. Let n(v) = 3 + 12*v - 2 + 0. Determine n(z).
-11
Let j = -72 - 18. Let q be j/(-102) + 6/51. Let s(h) = 8*h**2 - h + 1. Give s(q).
8
Let l(b) = 20*b + 26. Let s(m) = 7*m + 9. Let y(i) = 6*l(i) - 17*s(i). Determine y(5).
8
Let x(v) be the first derivative of -v**3/3 + 7*v**2/2 + 5*v + 130. Calculate x(8).
-3
Let p = -304 + 301. Let n(i) = i + 5. What is n(p)?
2
Let t be 2/(-9) + 94/18. Suppose 10 = t*r - 5. Let h(b) = -1 + 7 - r*b - b**2 - 3. Give h(2).
-7
Let y be (-25)/3 - (-4)/3. Let u be (y/(-2))/(-7)*12. Let v(p) = -p**2 - 6*p - 2. Calculate v(u).
-2
Let v(u) = u**3 - 4*u**2 + 2*u - 4. Let h(p) = 6*p**2 - 10*p**2 - 15 + 6*p**2 + 35*p. Let a be h(-18). Determine v(a).
-7
Let i(a) = 5*a**3 - a**2 - 4*a**3 - 2 + 2*a + 0*a**2. Let v be (8 + (-15 - -6))*-2. Give i(v).
6
Let i(r) = -r**3 - 6*r**2 - 5*r. Let p(h) be the second derivative of -1/6*h**3 + 0*h**2 + 0 - 4*h. Let t(b) = i(b) - 4*p(b). Give t(-6).
6
Let x(w) = -10*w**2 + 5*w**2 + 87 - 4*w + 4*w**2 - 87. Give x(-5).
-5
Suppose -5 = 3*r - 68. Let c = -17 + r. Let x(l) be the first derivative of -l**3/3 + 7*l**2/2 - 5*l + 1. Determine x(c).
7
Let r(b) be the second derivative of 5*b**4/8 + b**3/6 - b**2/2 - 4*b. Let t(p) be the first derivative of r(p). What is t(-1)?
-14
Let u be 6*3*6/(-18). Let w = 0 - 0. Let h be 1 + w - (1 - u). Let v(j) = -j**3 - 5*j**2 + 7*j. Determine v(h).
-6
Let h(l) = l**3 - 4*l**2 - 2*l + 6. Suppose -4*i + 3*b = -0*b + 22, 14 = -5*i - 3*b. Let o = i + 12. Suppose -c = c - o. What is h(c)?
-2
Let p = -1069 + 1068. Let u(v) = -4*v**2 + v - 1. Calculate u(p).
-6
Let g(y) = -y + 2. Suppose 28 = -25*d + 39*d. Determine g(d).
0
Let d(c) = -c - 3. Let r(s) = s + 4. Let x(o) = -5*d(o) - 6*r(o). Let k(l) = -l - 4 - 11 + 2*l - 2*l. Let p be k(-15). Give x(p).
-9
Suppose -11*i + 16 = 27. Let f(q) = -5*q - 1. What is f(i)?
4
Let f(b) = -11*b**2 - 4*b + 8. Let p(r) = 5*r**2 + 2*r - 4. Let w(i) = 4*f(i) + 9*p(i). What is w(-5)?
11
Suppose 6*c - 67*c = -122. Let y(m) = -m**2 - 3*m + 3. Calculate y(c).
-7
Let a(h) = 18*h - 885. Let l be a(49). Let y(j) = -j**2 - 3*j - 2. Determine y(l).
-2
Let g(m) = m**3 + 4*m**2 - 7*m - 1. Let s = -113 - -108. What is g(s)?
9
Suppose -4*p + 4*j + 24 = 3*j, 0 = -4*p + 5*j + 40. Let i(a) be the second derivative of -a**3/2 + 3*a**2/2 - 1536*a. Calculate i(p).
-12
Let b(n) = -n**2 + 17*n - 83. Let c be b(8). Let s(v) = 3*v + 14. Give s(c).
-19
Let d = -15 - -15. Let k(g) = d*g + 6*g - 3*g**2 + g**2 - 1 + 3*g**2. Let b = 4 + -9. Calculate k(b).
-6
Let f(d) = -d**2 - 5*d + 12. Let z(k) = -1. Let h(y) = -f(y) - 4*z(y). Let u = -1375 - -1368. Cal